uppose -o = -3*z + 35. What are the prime factors of z?
2, 7
Let g(b) = 18*b**2 - 76*b - 16. What are the prime factors of g(11)?
2, 3, 13, 17
Suppose -17*r + 10*r + 13629 = 0. List the prime factors of r.
3, 11, 59
Let r = 1333 + -532. List the prime factors of r.
3, 89
Let d = -61 - -117. Let v = d + 4. List the prime factors of v.
2, 3, 5
Let q(o) be the second derivative of 0*o**3 + 3*o + 1/10*o**5 + 1/2*o**2 - 1/12*o**4 + 0. What are the prime factors of q(1)?
2
Let a be 33*(-4 + 7 - 2). Let q = -28 + a. What are the prime factors of q?
5
Let s = -123 + 1012. What are the prime factors of s?
7, 127
Suppose 114 = -34*c + 2494. What are the prime factors of c?
2, 5, 7
Suppose 8*i - 1599 = 1481. Suppose -p - 2*c + 40 = -54, c = 4*p - i. What are the prime factors of p?
2, 3
Suppose 2*x + r = -r + 3636, 5*r = 4*x - 7317. What are the prime factors of x?
1823
Suppose -i - 5*z + 1220 = 0, -45*i + 2*z = -49*i + 4808. List the prime factors of i.
2, 3, 5
Suppose -13*p + 8*p - 537 = -3*o, 5*o - 2*p - 895 = 0. List the prime factors of o.
179
Let l(r) = r**3 + 3*r**2 - 4*r + 1. Let j be l(5). Suppose 2*p - j = v, -5*p - 3*v + 0*v = -436. Let c = -64 + p. What are the prime factors of c?
5
Suppose -30 = -2*w - 4*w. Suppose 2*l + 5*n = -14, -w*l + 3*n - 4*n = -11. Suppose 2*j = j - 5, 5*j + 34 = l*s. What are the prime factors of s?
3
Suppose d - 3855 = -o, -3*o + 5*d - 6170 = -17719. What are the prime factors of o?
3853
Let v(c) = 13*c**2 - 8*c - 13. Let h be v(-6). Suppose 906 = 5*j + 2*x, -4*j - x + h = -220. Suppose 0*m = 5*m - j. List the prime factors of m.
2, 3
Let k(m) = -69*m + 128. List the prime factors of k(-17).
1301
Suppose -10*t + 22008 = 5648. List the prime factors of t.
2, 409
Let a(u) = 5*u**2 - 5*u + 12. Let v(z) = z**2 + 16*z - 12. Let p be v(-17). What are the prime factors of a(p)?
2, 7
Let j = 787 + -300. Let r = j - 348. List the prime factors of r.
139
Let w be (-12)/(-10) + 9/(315/28). Suppose 2*z = -z + 468. Suppose -4*o - 4*n + z = -2*n, w*o + 3*n - 70 = 0. What are the prime factors of o?
41
Let y(t) = 2*t + 7. Let r be y(-9). Let p(x) be the first derivative of x**3/3 + 5*x**2/2 - 21*x + 22. List the prime factors of p(r).
3, 5
Suppose 16*g = 20*g - 236. Suppose -2*i - 3*p + 118 = 0, g = -2*i + 3*i - 2*p. List the prime factors of i.
59
Let g = -24 - -28. Let u = 85 - g. List the prime factors of u.
3
Let l(p) = -p + p - p + 9. Let a be l(5). Suppose -o = -y - 5*o + 22, -a*y + 3*o = -88. List the prime factors of y.
2, 11
Let h(a) = -160*a + 3. Let n(y) = 159*y - 3. Let z(g) = 4*h(g) + 5*n(g). What are the prime factors of z(1)?
2, 19
Let o be 9/6*(-3014)/(-33). Let h = -210 + 122. Let x = o + h. List the prime factors of x.
7
Suppose 20 = -4*u, -3087 = -4*f + 4*u - 203. Suppose 5*b + 135 = -q + f, 2*b - 5*q - 254 = 0. List the prime factors of b.
3, 13
Let s = 7 - 7. Suppose 0 = -4*b - 0*b + 24. Suppose s = 3*f + 2*z - 3*z - b, -f + 9 = 2*z. What are the prime factors of f?
3
Suppose 5*p - 623 = 297. Suppose 4*r + r = 10, 2*d - 5*r = -6. Suppose 6*s - p = d*s. List the prime factors of s.
2, 23
Let f = -505 + 349. Let q be (8/3)/((-8)/f). Suppose 2*m - i = 37, 2*m + m - q = -2*i. List the prime factors of m.
2, 3
Let i = 47 - 40. What are the prime factors of i + 32 + 1 + -3?
37
Suppose 33 = f + 2*f - 3*a, -f - 5*a + 11 = 0. Suppose 14*s - 285 = f*s. What are the prime factors of s?
5, 19
Let m(t) = -3*t**2 + 5*t - 4. Let g(z) = 3*z**2 - 5*z + 3. Let u(r) = -6*g(r) - 7*m(r). What are the prime factors of u(4)?
2, 19
Let x(o) = -301*o - 143. List the prime factors of x(-8).
3, 5, 151
Let h = -1356 - -1989. What are the prime factors of h?
3, 211
Suppose 0*v + 5*v - q = 1204, -8 = 2*q. List the prime factors of v.
2, 3, 5
Let a(o) = o + 9. Let x be a(-6). Suppose x*n = -n. Let z = 3 + n. List the prime factors of z.
3
Suppose -6*k - 2*k + 192 = 0. Let m = 47 - k. List the prime factors of m.
23
List the prime factors of 236*(2 - 5/(-2)*3).
2, 19, 59
Let t = 29 - 26. Suppose -2*l + 134 = -t*f, 2*f + 8 + 0 = 0. What are the prime factors of l?
61
Let u = -26 - -27. What are the prime factors of u/1 - (5 + -33)?
29
Suppose 1508 = 5*r - 2832. List the prime factors of r.
2, 7, 31
Suppose 3*h + m + 5 = 0, -3*h + 0*m = -2*m - 10. Suppose -q - 3*q + 5*t = -468, -q + 2*t + 114 = h. What are the prime factors of q?
2, 61
Let n(w) = -w**3 - 4*w**2 + w - 11. Let f be n(-5). Let u = 19 - f. What are the prime factors of 20/8*204/u?
3, 17
Suppose -g + 137 = y, -5*y - 715 = -5*g - 0*y. List the prime factors of g.
2, 5, 7
Let k(l) = l**2 + 3*l - 12. Let u be k(-7). Suppose -u = -3*c + 11. Suppose c = -d + 13. What are the prime factors of d?
2
Let h be -2*(-12 - (-8)/4). Suppose -3*c + 160 = c + i, h = -5*i. What are the prime factors of c?
41
Suppose -5*z + 4 + 15 = -4*d, 15 = 5*z. Let i be (-130)/(-30) + d/3. Suppose -92 = i*v - 8*v. List the prime factors of v.
23
Let k(i) = 13*i + 1. Let w(l) = 38*l + 3. Let q = 2 + -6. Let c(b) = q*w(b) + 11*k(b). List the prime factors of c(-1).
2
Let x be 3 - (-22 + 3)/(-1). List the prime factors of (-12)/x + (-21)/(-4).
2, 3
Let c = -457 - -3097. List the prime factors of c.
2, 3, 5, 11
Let w(y) = -y + 6. Let r be w(16). Let u be (-66 + 10)*r/8. Suppose 5*c - 3*c = u. List the prime factors of c.
5, 7
Let h(r) be the third derivative of -r**4/24 + r**3/6 + 3*r**2. Let f be h(5). Let q(y) = -y**3 - 3*y**2 - 4*y - 4. List the prime factors of q(f).
2, 7
Suppose -176*w + 3980 = -171*w. List the prime factors of w.
2, 199
Suppose 2063 + 763 = 9*b. What are the prime factors of b?
2, 157
Suppose -13*t + 14*t - 119 = 0. What are the prime factors of t?
7, 17
List the prime factors of (-448)/(-48)*108/14.
2, 3
Suppose -5*q = -j + 10, -4*q = 3 + 1. Suppose 0 = -j*i + 1 + 9. What are the prime factors of i?
2
Let n = -40 + 27. Let i = 28 + n. What are the prime factors of i?
3, 5
Suppose -656 = -2*q + 80. What are the prime factors of q?
2, 23
Suppose 4*q = 5*p - 873, -5*p - 6*q + 857 = -2*q. Let d = -70 + p. List the prime factors of d.
103
Let x(p) = 4*p + 49. Let r be x(-11). Suppose -5*t + 4*z = -259, 0 = -5*t - r*z + 76 + 174. What are the prime factors of t?
3, 17
Suppose y = 0, 0 = -10*h + 8*h + 2*y + 1160. What are the prime factors of h?
2, 5, 29
Let j(k) = k**3 + 2*k**2 - 3*k + 3. Let q = 3 - 10. Let y be 7/(q/(-2)) - 5. What are the prime factors of j(y)?
3
Suppose 2*j = 4*o - 12, -6 = -2*o + 6*j - 4*j. Suppose 650 = o*k + 3*u + u, 3*k + 2*u = 652. What are the prime factors of k?
2, 109
Suppose 18*y + 70630 = 88*y. List the prime factors of y.
1009
Let v = -8 + 20. Suppose u + 5 = 1. What are the prime factors of u*(-9)/v + 40?
43
Suppose -3*x + 6*x = 81. Let w = -13 + x. List the prime factors of w.
2, 7
Suppose 248 = 8*a + 24. Suppose -2*b + 12 = -a. What are the prime factors of b?
2, 5
Let m = -27 + 45. Let a = 73 - m. What are the prime factors of a?
5, 11
List the prime factors of (1 - -11) + -5 - -595.
2, 7, 43
Let v(r) = -51*r - 95. List the prime factors of v(-11).
2, 233
Let q(t) = -t**2 + 12*t - 9. Let o be q(11). Let j(m) = m**3 - 11*m**2 - m + 13. Let w be j(11). Suppose 80 = w*z + o*z. What are the prime factors of z?
2, 5
Suppose -3*l - 4*c = -218, 4*c + 300 = 5*l - l. Let r = 126 - l. What are the prime factors of r?
2, 13
Suppose -3*c + 12 = p, 0 = 3*c - 6 + 3. Suppose -1239 = -p*s - 177. What are the prime factors of s?
2, 59
Let g(c) = c**2 - 2*c - 9. Let j be g(5). Let l(n) = 41*n + 4. Let a be l(j). Suppose 0*p = -5*p + a. List the prime factors of p.
2, 5
Let v(g) = -g**2 + 9*g - 4. Let l be v(8). Let a(p) = p**2 - p - 3. Let q be a(l). Let x = q - -8. List the prime factors of x.
17
List the prime factors of 69520/99 - (1 + 28/(-36)).
2, 3, 13
What are the prime factors of ((-20)/(-25))/((-4)/(-1690))?
2, 13
List the prime factors of 3 - -4 - 2 - -980.
5, 197
Let c be (11/22)/((-1)/88). Let v = c + 84. Suppose 5*z - 3*x - v = -4*x, 3*z - 3*x = 42. What are the prime factors of z?
3
Suppose -114 = -4*o - 3*b, -4*o = -2*b + 7*b - 110. List the prime factors of o.
2, 3, 5
List the prime factors of 1*(2 - -11) + 66/11.
19
Let y(x) = 322*x + 13. List the prime factors of y(3).
11, 89
Let g = 223 - 144. Suppose 388 = 3*f - k + g, f + k = 99. What are the prime factor